{"id":32291,"date":"2025-05-09T10:40:21","date_gmt":"2025-05-09T03:40:21","guid":{"rendered":"https:\/\/vinatd.com\/?post_type=product&#038;p=32291"},"modified":"2025-05-09T10:46:37","modified_gmt":"2025-05-09T03:46:37","slug":"dong-co-may-phu-hang-hai-shyan-6160cgf-300kw-600kw","status":"publish","type":"product","link":"https:\/\/vinatd.com\/?product=dong-co-may-phu-hang-hai-shyan-6160cgf-300kw-600kw","title":{"rendered":"\u0110\u1ed9ng c\u01a1 m\u00e1y ph\u1ee5 h\u00e0ng h\u1ea3i SHYAN | 6160CGF (300KW -600KW)"},"content":{"rendered":"<h1><strong>Th\u00f4ng tin chung<\/strong><\/h1>\n<table class=\"w-fit min-w-(--thread-content-width)\" data-start=\"224\" data-end=\"1296\">\n<thead data-start=\"224\" data-end=\"320\">\n<tr data-start=\"224\" data-end=\"320\">\n<th data-start=\"224\" data-end=\"273\" data-col-size=\"md\"><strong data-start=\"226\" data-end=\"238\">H\u1ea1ng m\u1ee5c<\/strong><\/th>\n<th data-start=\"273\" data-end=\"320\" data-col-size=\"sm\"><strong data-start=\"275\" data-end=\"287\">Th\u00f4ng s\u1ed1<\/strong><\/th>\n<\/tr>\n<\/thead>\n<tbody data-start=\"418\" data-end=\"1296\">\n<tr data-start=\"418\" data-end=\"515\">\n<td data-start=\"418\" data-end=\"468\" data-col-size=\"md\"><strong data-start=\"420\" data-end=\"436\">Ki\u1ec3u \u0111\u1ed9ng c\u01a1<\/strong><\/td>\n<td data-col-size=\"sm\" data-start=\"468\" data-end=\"515\">4 k\u1ef3; 6 xi lanh th\u1eb3ng h\u00e0ng<\/td>\n<\/tr>\n<tr data-start=\"516\" data-end=\"612\">\n<td data-start=\"516\" data-end=\"566\" data-col-size=\"md\"><strong data-start=\"518\" data-end=\"538\">H\u1ec7 th\u1ed1ng kh\u00ed n\u1ea1p<\/strong><\/td>\n<td data-col-size=\"sm\" data-start=\"566\" data-end=\"612\">T\u0103ng \u00e1p c\u00f3 l\u00e0m m\u00e1t<\/td>\n<\/tr>\n<tr data-start=\"613\" data-end=\"709\">\n<td data-start=\"613\" data-end=\"663\" data-col-size=\"md\"><strong data-start=\"615\" data-end=\"662\">\u0110\u01b0\u1eddng k\u00ednh xi lanh \u00d7 H\u00e0nh tr\u00ecnh piston (mm)<\/strong><\/td>\n<td data-col-size=\"sm\" data-start=\"663\" data-end=\"709\">160 \u00d7 210<\/td>\n<\/tr>\n<tr data-start=\"710\" data-end=\"807\">\n<td data-start=\"710\" data-end=\"760\" data-col-size=\"md\"><strong data-start=\"712\" data-end=\"737\">Dung t\u00edch xi lanh (L)<\/strong><\/td>\n<td data-col-size=\"sm\" data-start=\"760\" data-end=\"807\">25.3<\/td>\n<\/tr>\n<tr data-start=\"808\" data-end=\"905\">\n<td data-start=\"808\" data-end=\"858\" data-col-size=\"md\"><strong data-start=\"810\" data-end=\"839\">Ti\u00eau chu\u1ea9n l\u1eafp gh\u00e9p (SAE)<\/strong><\/td>\n<td data-col-size=\"sm\" data-start=\"858\" data-end=\"905\">0# \/ 18&#8221;<\/td>\n<\/tr>\n<tr data-start=\"906\" data-end=\"1002\">\n<td data-start=\"906\" data-end=\"956\" data-col-size=\"md\"><strong data-start=\"908\" data-end=\"931\">H\u1ec7 th\u1ed1ng nhi\u00ean li\u1ec7u<\/strong><\/td>\n<td data-col-size=\"sm\" data-start=\"956\" data-end=\"1002\">\u0110\u01b0\u1eddng \u1ed1ng cao \u00e1p (HPCR)<\/td>\n<\/tr>\n<tr data-start=\"1003\" data-end=\"1100\">\n<td data-start=\"1003\" data-end=\"1053\" data-col-size=\"md\"><strong data-start=\"1005\" data-end=\"1037\">T\u1ed1c \u0111\u1ed9 kh\u00f4ng t\u1ea3i (v\u00f2ng\/ph\u00fat)<\/strong><\/td>\n<td data-col-size=\"sm\" data-start=\"1053\" data-end=\"1100\">650<\/td>\n<\/tr>\n<tr data-start=\"1101\" data-end=\"1198\">\n<td data-start=\"1101\" data-end=\"1151\" data-col-size=\"md\"><strong data-start=\"1103\" data-end=\"1130\">K\u00edch th\u01b0\u1edbc (L\u00d7W\u00d7H) (mm)<\/strong><\/td>\n<td data-col-size=\"sm\" data-start=\"1151\" data-end=\"1198\">1955 \u00d7 960 \u00d7 1650<\/td>\n<\/tr>\n<tr data-start=\"1199\" data-end=\"1296\">\n<td data-start=\"1199\" data-end=\"1249\" data-col-size=\"md\"><strong data-start=\"1201\" data-end=\"1221\">Tr\u1ecdng l\u01b0\u1ee3ng (kg)<\/strong><\/td>\n<td data-col-size=\"sm\" data-start=\"1249\" data-end=\"1296\">2450<\/td>\n<\/tr>\n<\/tbody>\n<\/table>\n<p>&nbsp;<\/p>\n<p>&nbsp;<\/p>\n<p>&nbsp;<\/p>\n<p>&nbsp;<\/p>\n<p><span style=\"font-size: 2em; font-weight: bold;\">Th\u00f4ng s\u1ed1 k\u1ef9 thu\u1eadt chi ti\u1ebft<\/span><\/p>\n<h4 class=\"\" data-start=\"181\" data-end=\"230\">C\u00f4ng su\u1ea5t li\u00ean t\u1ee5c t\u1ed1i \u0111a \u1edf t\u1ea7n s\u1ed1 <strong data-start=\"221\" data-end=\"230\">50 Hz<\/strong><\/h4>\n<div class=\"_tableContainer_16hzy_1\">\n<div class=\"_tableWrapper_16hzy_14 group flex w-fit flex-col-reverse\" tabindex=\"-1\">\n<table class=\"w-fit min-w-(--thread-content-width)\" data-start=\"232\" data-end=\"1046\">\n<thead data-start=\"232\" data-end=\"332\">\n<tr data-start=\"232\" data-end=\"332\">\n<th data-start=\"232\" data-end=\"254\" data-col-size=\"sm\"><strong data-start=\"234\" data-end=\"250\">Ki\u1ec3u \u0111\u1ed9ng c\u01a1<\/strong><\/th>\n<th data-start=\"254\" data-end=\"277\" data-col-size=\"sm\"><strong data-start=\"256\" data-end=\"276\">Ch\u1ebf \u0111\u1ed9 khai th\u00e1c<\/strong><\/th>\n<th data-start=\"277\" data-end=\"286\" data-col-size=\"sm\"><strong data-start=\"279\" data-end=\"285\">kW<\/strong><\/th>\n<th data-start=\"286\" data-end=\"295\" data-col-size=\"sm\"><strong data-start=\"288\" data-end=\"294\">HP<\/strong><\/th>\n<th data-start=\"295\" data-end=\"305\" data-col-size=\"sm\"><strong data-start=\"297\" data-end=\"304\">RPM<\/strong><\/th>\n<th data-start=\"305\" data-end=\"332\" data-col-size=\"sm\"><strong data-start=\"307\" data-end=\"330\">Ti\u00eau chu\u1ea9n kh\u00ed th\u1ea3i<\/strong><\/th>\n<\/tr>\n<\/thead>\n<tbody data-start=\"435\" data-end=\"1046\">\n<tr data-start=\"435\" data-end=\"536\">\n<td data-start=\"435\" data-end=\"457\" data-col-size=\"sm\">SY6160CGF330-1<\/td>\n<td data-col-size=\"sm\" data-start=\"457\" data-end=\"481\">PRP<\/td>\n<td data-col-size=\"sm\" data-start=\"481\" data-end=\"490\">300<\/td>\n<td data-col-size=\"sm\" data-start=\"490\" data-end=\"499\">408<\/td>\n<td data-col-size=\"sm\" data-start=\"499\" data-end=\"508\">1000<\/td>\n<td data-col-size=\"sm\" data-start=\"508\" data-end=\"536\">IMO II<\/td>\n<\/tr>\n<tr data-start=\"537\" data-end=\"638\">\n<td data-start=\"537\" data-end=\"559\" data-col-size=\"sm\">SY6160CGF385-1<\/td>\n<td data-col-size=\"sm\" data-start=\"559\" data-end=\"583\">PRP<\/td>\n<td data-col-size=\"sm\" data-start=\"583\" data-end=\"592\">350<\/td>\n<td data-col-size=\"sm\" data-start=\"592\" data-end=\"601\">476<\/td>\n<td data-col-size=\"sm\" data-start=\"601\" data-end=\"610\">1000<\/td>\n<td data-col-size=\"sm\" data-start=\"610\" data-end=\"638\">IMO II<\/td>\n<\/tr>\n<tr data-start=\"639\" data-end=\"740\">\n<td data-start=\"639\" data-end=\"661\" data-col-size=\"sm\">SY6160CGF440-1<\/td>\n<td data-col-size=\"sm\" data-start=\"661\" data-end=\"685\">PRP<\/td>\n<td data-col-size=\"sm\" data-start=\"685\" data-end=\"694\">400<\/td>\n<td data-col-size=\"sm\" data-start=\"694\" data-end=\"703\">544<\/td>\n<td data-col-size=\"sm\" data-start=\"703\" data-end=\"712\">1000<\/td>\n<td data-col-size=\"sm\" data-start=\"712\" data-end=\"740\">IMO II<\/td>\n<\/tr>\n<tr data-start=\"741\" data-end=\"842\">\n<td data-start=\"741\" data-end=\"763\" data-col-size=\"sm\">SY6160CGF550<\/td>\n<td data-col-size=\"sm\" data-start=\"763\" data-end=\"787\">PRP<\/td>\n<td data-col-size=\"sm\" data-start=\"787\" data-end=\"796\">500<\/td>\n<td data-col-size=\"sm\" data-start=\"796\" data-end=\"805\">680<\/td>\n<td data-col-size=\"sm\" data-start=\"805\" data-end=\"814\">1500<\/td>\n<td data-col-size=\"sm\" data-start=\"814\" data-end=\"842\">IMO II<\/td>\n<\/tr>\n<tr data-start=\"843\" data-end=\"944\">\n<td data-start=\"843\" data-end=\"865\" data-col-size=\"sm\">SY6160CGF605<\/td>\n<td data-col-size=\"sm\" data-start=\"865\" data-end=\"889\">PRP<\/td>\n<td data-col-size=\"sm\" data-start=\"889\" data-end=\"898\">550<\/td>\n<td data-col-size=\"sm\" data-start=\"898\" data-end=\"907\">748<\/td>\n<td data-col-size=\"sm\" data-start=\"907\" data-end=\"916\">1500<\/td>\n<td data-col-size=\"sm\" data-start=\"916\" data-end=\"944\">IMO II<\/td>\n<\/tr>\n<tr data-start=\"945\" data-end=\"1046\">\n<td data-start=\"945\" data-end=\"967\" data-col-size=\"sm\">SY6160CGF660<\/td>\n<td data-col-size=\"sm\" data-start=\"967\" data-end=\"991\">PRP<\/td>\n<td data-col-size=\"sm\" data-start=\"991\" data-end=\"1000\">600<\/td>\n<td data-col-size=\"sm\" data-start=\"1000\" data-end=\"1009\">816<\/td>\n<td data-col-size=\"sm\" data-start=\"1009\" data-end=\"1018\">1500<\/td>\n<td data-col-size=\"sm\" data-start=\"1018\" data-end=\"1046\">IMO II<\/td>\n<\/tr>\n<\/tbody>\n<\/table>\n<div class=\"sticky end-(--thread-content-margin) h-0 self-end select-none\">\n<div class=\"absolute end-0 flex items-end\"><\/div>\n<\/div>\n<\/div>\n<\/div>\n<h4 class=\"\" data-start=\"1048\" data-end=\"1097\">C\u00f4ng su\u1ea5t li\u00ean t\u1ee5c t\u1ed1i \u0111a \u1edf t\u1ea7n s\u1ed1 <strong data-start=\"1088\" data-end=\"1097\">60 Hz<\/strong><\/h4>\n<div class=\"_tableContainer_16hzy_1\">\n<div class=\"_tableWrapper_16hzy_14 group flex w-fit flex-col-reverse\" tabindex=\"-1\">\n<table class=\"w-fit min-w-(--thread-content-width)\" data-start=\"1099\" data-end=\"1607\">\n<thead data-start=\"1099\" data-end=\"1199\">\n<tr data-start=\"1099\" data-end=\"1199\">\n<th data-start=\"1099\" data-end=\"1121\" data-col-size=\"sm\"><strong data-start=\"1101\" data-end=\"1117\">Ki\u1ec3u \u0111\u1ed9ng c\u01a1<\/strong><\/th>\n<th data-start=\"1121\" data-end=\"1144\" data-col-size=\"sm\"><strong data-start=\"1123\" data-end=\"1143\">Ch\u1ebf \u0111\u1ed9 khai th\u00e1c<\/strong><\/th>\n<th data-start=\"1144\" data-end=\"1153\" data-col-size=\"sm\"><strong data-start=\"1146\" data-end=\"1152\">kW<\/strong><\/th>\n<th data-start=\"1153\" data-end=\"1162\" data-col-size=\"sm\"><strong data-start=\"1155\" data-end=\"1161\">HP<\/strong><\/th>\n<th data-start=\"1162\" data-end=\"1172\" data-col-size=\"sm\"><strong data-start=\"1164\" data-end=\"1171\">RPM<\/strong><\/th>\n<th data-start=\"1172\" data-end=\"1199\" data-col-size=\"sm\"><strong data-start=\"1174\" data-end=\"1197\">Ti\u00eau chu\u1ea9n kh\u00ed th\u1ea3i<\/strong><\/th>\n<\/tr>\n<\/thead>\n<tbody data-start=\"1302\" data-end=\"1607\">\n<tr data-start=\"1302\" data-end=\"1403\">\n<td data-start=\"1302\" data-end=\"1324\" data-col-size=\"sm\">SY6160CGF440-2<\/td>\n<td data-col-size=\"sm\" data-start=\"1324\" data-end=\"1348\">PRP<\/td>\n<td data-col-size=\"sm\" data-start=\"1348\" data-end=\"1357\">400<\/td>\n<td data-col-size=\"sm\" data-start=\"1357\" data-end=\"1366\">544<\/td>\n<td data-col-size=\"sm\" data-start=\"1366\" data-end=\"1375\">1200<\/td>\n<td data-col-size=\"sm\" data-start=\"1375\" data-end=\"1403\">IMO II<\/td>\n<\/tr>\n<tr data-start=\"1404\" data-end=\"1505\">\n<td data-start=\"1404\" data-end=\"1426\" data-col-size=\"sm\">SY6160CGF484-1<\/td>\n<td data-col-size=\"sm\" data-start=\"1426\" data-end=\"1450\">PRP<\/td>\n<td data-col-size=\"sm\" data-start=\"1450\" data-end=\"1459\">440<\/td>\n<td data-col-size=\"sm\" data-start=\"1459\" data-end=\"1468\">598<\/td>\n<td data-col-size=\"sm\" data-start=\"1468\" data-end=\"1477\">1200<\/td>\n<td data-col-size=\"sm\" data-start=\"1477\" data-end=\"1505\">IMO II<\/td>\n<\/tr>\n<tr data-start=\"1506\" data-end=\"1607\">\n<td data-start=\"1506\" data-end=\"1528\" data-col-size=\"sm\">SY6160CGF528-1<\/td>\n<td data-col-size=\"sm\" data-start=\"1528\" data-end=\"1552\">PRP<\/td>\n<td data-col-size=\"sm\" data-start=\"1552\" data-end=\"1561\">480<\/td>\n<td data-col-size=\"sm\" data-start=\"1561\" data-end=\"1570\">653<\/td>\n<td data-col-size=\"sm\" data-start=\"1570\" data-end=\"1579\">1200<\/td>\n<td data-col-size=\"sm\" data-start=\"1579\" data-end=\"1607\">IMO II<\/td>\n<\/tr>\n<\/tbody>\n<\/table>\n<\/div>\n<\/div>\n<div class=\"_tableContainer_16hzy_1\"><\/div>\n<div class=\"_tableContainer_16hzy_1\"><\/div>\n<div>\n<div><\/div>\n<h2>TH\u00d4NG TIN V\u1ec0 NH\u00c0 CUNG C\u1ea4P<\/h2>\n<p><strong>Shangyan Power Technology Jiangsu Co., Ltd.<\/strong> l\u00e0 doanh nghi\u1ec7p c\u00f4ng ngh\u1ec7 cao chuy\u00ean s\u1ea3n xu\u1ea5t c\u00e1c h\u1ec7 th\u1ed1ng n\u0103ng l\u01b0\u1ee3ng bao g\u1ed3m \u0111\u1ed9ng c\u01a1 diesel v\u00e0 m\u00e1y ph\u00e1t \u0111i\u1ec7n.<\/p>\n<ul>\n<li><strong>Ti\u1ec1n th\u00e2n:<\/strong> Vi\u1ec7n \u0110\u1ed9ng c\u01a1 Diesel Ph\u1ed1 \u0110\u00f4ng Th\u01b0\u1ee3ng H\u1ea3i, th\u00e0nh l\u1eadp t\u1eeb n\u0103m <strong>1993<\/strong><\/li>\n<li><strong>C\u01a1 s\u1edf:<\/strong> 2 trung t\u00e2m nghi\u00ean c\u1ee9u v\u00e0 ph\u00e1t tri\u1ec3n (R&amp;D) t\u1ea1i Th\u01b0\u1ee3ng H\u1ea3i, 1 nh\u00e0 m\u00e1y s\u1ea3n xu\u1ea5t t\u1ea1i Nantong<\/li>\n<\/ul>\n<p><strong style=\"font-size: 16px;\">T\u1ea1i Vi\u1ec7t Nam, Vina TD H\u1ea3i Ph\u00f2ng<\/strong><span style=\"font-size: 16px;\"> t\u1ef1 h\u00e0o l\u00e0 <\/span><strong style=\"font-size: 16px;\">\u0111\u1ea1i l\u00fd ch\u00ednh th\u1ee9c c\u1ee7a Shyan Power. <\/strong><span style=\"font-size: 16px;\">Ch\u00fang t\u00f4i cam k\u1ebft mang \u0111\u1ebfn cho kh\u00e1ch h\u00e0ng c\u00e1c s\u1ea3n ph\u1ea9m \u0111\u1ed9ng c\u01a1 ch\u1ea5t l\u01b0\u1ee3ng cao nh\u1ea5t c\u00f9ng v\u1edbi c\u00e1c d\u1ecbch v\u1ee5 h\u1ed7 tr\u1ee3 chuy\u00ean s\u00e2u nh\u01b0:<\/span><\/p>\n<ul>\n<li><strong>T\u01b0 v\u1ea5n k\u1ef9 thu\u1eadt:<\/strong> \u0110\u1ed9i ng\u0169 k\u1ef9 s\u01b0 gi\u00e0u kinh nghi\u1ec7m lu\u00f4n s\u1eb5n s\u00e0ng h\u1ed7 tr\u1ee3 kh\u00e1ch h\u00e0ng v\u1edbi th\u00f4ng tin chi ti\u1ebft v\u00e0 ch\u00ednh x\u00e1c nh\u1ea5t.<\/li>\n<li><strong>H\u1ed7 tr\u1ee3 l\u1eafp \u0111\u1eb7t v\u00e0 b\u1ea3o tr\u00ec \u0111\u1ecbnh k\u1ef3:<\/strong> \u0110\u1ea3m b\u1ea3o \u0111\u1ed9ng c\u01a1 ho\u1ea1t \u0111\u1ed9ng \u1ed5n \u0111\u1ecbnh v\u00e0 hi\u1ec7u qu\u1ea3 trong th\u1eddi gian d\u00e0i.<\/li>\n<li><strong>D\u1ecbch v\u1ee5 h\u1eadu m\u00e3i t\u1eadn t\u00e2m:<\/strong> H\u1ed7 tr\u1ee3 kh\u00e1ch h\u00e0ng t\u1ed1i \u01b0u h\u00f3a hi\u1ec7u qu\u1ea3 v\u1eadn h\u00e0nh c\u1ee7a thi\u1ebft b\u1ecb.<\/li>\n<\/ul>\n<\/div>\n<div class=\"group pointer-events-none relative flex justify-center *:pointer-events-auto\"><\/div>\n","protected":false},"excerpt":{"rendered":"<p>Th\u00f4ng tin chung H\u1ea1ng m\u1ee5c Th\u00f4ng s\u1ed1 Ki\u1ec3u \u0111\u1ed9ng c\u01a1 4 k\u1ef3; 6 xi lanh th\u1eb3ng h\u00e0ng H\u1ec7 th\u1ed1ng kh\u00ed n\u1ea1p T\u0103ng \u00e1p c\u00f3 l\u00e0m m\u00e1t \u0110\u01b0\u1eddng k\u00ednh xi lanh \u00d7 H\u00e0nh tr\u00ecnh piston (mm) 160 \u00d7 210 Dung t\u00edch xi lanh (L) 25.3 Ti\u00eau chu\u1ea9n l\u1eafp gh\u00e9p (SAE) 0# \/ 18&#8221; H\u1ec7 th\u1ed1ng nhi\u00ean [&hellip;]<\/p>\n","protected":false},"featured_media":32182,"template":"","meta":{"site-sidebar-layout":"default","site-content-layout":"","ast-site-content-layout":"default","site-content-style":"default","site-sidebar-style":"default","ast-global-header-display":"","ast-banner-title-visibility":"","ast-main-header-display":"","ast-hfb-above-header-display":"","ast-hfb-below-header-display":"","ast-hfb-mobile-header-display":"","site-post-title":"","ast-breadcrumbs-content":"","ast-featured-img":"","footer-sml-layout":"","theme-transparent-header-meta":"default","adv-header-id-meta":"","stick-header-meta":"","header-above-stick-meta":"","header-main-stick-meta":"","header-below-stick-meta":"","astra-migrate-meta-layouts":"set","ast-page-background-enabled":"default","ast-page-background-meta":{"desktop":{"background-color":"var(--ast-global-color-4)","background-image":"","background-repeat":"repeat","background-position":"center center","background-size":"auto","background-attachment":"scroll","background-type":"","background-media":"","overlay-type":"","overlay-color":"","overlay-opacity":"","overlay-gradient":""},"tablet":{"background-color":"","background-image":"","background-repeat":"repeat","background-position":"center center","background-size":"auto","background-attachment":"scroll","background-type":"","background-media":"","overlay-type":"","overlay-color":"","overlay-opacity":"","overlay-gradient":""},"mobile":{"background-color":"","background-image":"","background-repeat":"repeat","background-position":"center center","background-size":"auto","background-attachment":"scroll","background-type":"","background-media":"","overlay-type":"","overlay-color":"","overlay-opacity":"","overlay-gradient":""}},"ast-content-background-meta":{"desktop":{"background-color":"var(--ast-global-color-5)","background-image":"","background-repeat":"repeat","background-position":"center center","background-size":"auto","background-attachment":"scroll","background-type":"","background-media":"","overlay-type":"","overlay-color":"","overlay-opacity":"","overlay-gradient":""},"tablet":{"background-color":"var(--ast-global-color-5)","background-image":"","background-repeat":"repeat","background-position":"center center","background-size":"auto","background-attachment":"scroll","background-type":"","background-media":"","overlay-type":"","overlay-color":"","overlay-opacity":"","overlay-gradient":""},"mobile":{"background-color":"var(--ast-global-color-5)","background-image":"","background-repeat":"repeat","background-position":"center center","background-size":"auto","background-attachment":"scroll","background-type":"","background-media":"","overlay-type":"","overlay-color":"","overlay-opacity":"","overlay-gradient":""}}},"product_cat":[402,407],"product_tag":[],"class_list":{"0":"post-32291","1":"product","2":"type-product","3":"status-publish","4":"has-post-thumbnail","6":"product_cat-dong-co-shyan-power","7":"product_cat-may-phat-dien-hang-hai-shyan-power","8":"desktop-align-left","9":"tablet-align-left","10":"mobile-align-left","12":"first","13":"instock","14":"shipping-taxable","15":"product-type-simple"},"_links":{"self":[{"href":"https:\/\/vinatd.com\/index.php?rest_route=\/wp\/v2\/product\/32291","targetHints":{"allow":["GET"]}}],"collection":[{"href":"https:\/\/vinatd.com\/index.php?rest_route=\/wp\/v2\/product"}],"about":[{"href":"https:\/\/vinatd.com\/index.php?rest_route=\/wp\/v2\/types\/product"}],"wp:featuredmedia":[{"embeddable":true,"href":"https:\/\/vinatd.com\/index.php?rest_route=\/wp\/v2\/media\/32182"}],"wp:attachment":[{"href":"https:\/\/vinatd.com\/index.php?rest_route=%2Fwp%2Fv2%2Fmedia&parent=32291"}],"wp:term":[{"taxonomy":"product_cat","embeddable":true,"href":"https:\/\/vinatd.com\/index.php?rest_route=%2Fwp%2Fv2%2Fproduct_cat&post=32291"},{"taxonomy":"product_tag","embeddable":true,"href":"https:\/\/vinatd.com\/index.php?rest_route=%2Fwp%2Fv2%2Fproduct_tag&post=32291"}],"curies":[{"name":"wp","href":"https:\/\/api.w.org\/{rel}","templated":true}]}}