{"id":32269,"date":"2025-05-08T16:16:48","date_gmt":"2025-05-08T09:16:48","guid":{"rendered":"https:\/\/vinatd.com\/?post_type=product&#038;p=32269"},"modified":"2025-05-09T07:56:09","modified_gmt":"2025-05-09T00:56:09","slug":"dong-co-may-phu-hang-hai-shyan-4y3cf-25kw-40kw","status":"publish","type":"product","link":"https:\/\/vinatd.com\/?product=dong-co-may-phu-hang-hai-shyan-4y3cf-25kw-40kw","title":{"rendered":"\u0110\u1ed9ng c\u01a1 m\u00e1y ph\u1ee5 h\u00e0ng h\u1ea3i SHYAN | 4Y3CF (25KW &#8211; 40KW)"},"content":{"rendered":"<h1><strong>Th\u00f4ng tin chung<\/strong><\/h1>\n<table class=\"w-fit min-w-(--thread-content-width)\" data-start=\"240\" data-end=\"1292\">\n<thead data-start=\"240\" data-end=\"334\">\n<tr data-start=\"240\" data-end=\"334\">\n<th data-start=\"240\" data-end=\"287\" data-col-size=\"sm\"><strong data-start=\"242\" data-end=\"254\">H\u1ea1ng m\u1ee5c<\/strong><\/th>\n<th data-start=\"287\" data-end=\"334\" data-col-size=\"sm\"><strong data-start=\"289\" data-end=\"301\">Th\u00f4ng s\u1ed1<\/strong><\/th>\n<\/tr>\n<\/thead>\n<tbody data-start=\"430\" data-end=\"1292\">\n<tr data-start=\"430\" data-end=\"525\">\n<td data-start=\"430\" data-end=\"478\" data-col-size=\"sm\"><strong data-start=\"432\" data-end=\"448\">Ki\u1ec3u \u0111\u1ed9ng c\u01a1<\/strong><\/td>\n<td data-start=\"478\" data-end=\"525\" data-col-size=\"sm\">4 k\u1ef3; 4 xi lanh th\u1eb3ng h\u00e0ng<\/td>\n<\/tr>\n<tr data-start=\"526\" data-end=\"620\">\n<td data-start=\"526\" data-end=\"574\" data-col-size=\"sm\"><strong data-start=\"528\" data-end=\"548\">H\u1ec7 th\u1ed1ng kh\u00ed n\u1ea1p<\/strong><\/td>\n<td data-start=\"574\" data-end=\"620\" data-col-size=\"sm\">H\u00fat kh\u00ed t\u1ef1 nhi\u00ean \/ Turbo t\u0103ng \u00e1p<\/td>\n<\/tr>\n<tr data-start=\"621\" data-end=\"715\">\n<td data-start=\"621\" data-end=\"668\" data-col-size=\"sm\"><strong data-start=\"623\" data-end=\"665\">\u0110\u01b0\u1eddng k\u00ednh xi lanh \u00d7 H\u00e0nh tr\u00ecnh piston (mm)<\/strong><\/td>\n<td data-start=\"668\" data-end=\"715\" data-col-size=\"sm\">90 \u00d7 105<\/td>\n<\/tr>\n<tr data-start=\"716\" data-end=\"811\">\n<td data-start=\"716\" data-end=\"764\" data-col-size=\"sm\"><strong data-start=\"718\" data-end=\"743\">Dung t\u00edch xi lanh (L)<\/strong><\/td>\n<td data-start=\"764\" data-end=\"811\" data-col-size=\"sm\">2.7<\/td>\n<\/tr>\n<tr data-start=\"812\" data-end=\"907\">\n<td data-start=\"812\" data-end=\"860\" data-col-size=\"sm\"><strong data-start=\"814\" data-end=\"837\">Ti\u00eau chu\u1ea9n l\u1eafp gh\u00e9p<\/strong><\/td>\n<td data-start=\"860\" data-end=\"907\" data-col-size=\"sm\">SAE 4# \/ 7.5\u201d ; SAE 3# \/ 11.5\u201d<\/td>\n<\/tr>\n<tr data-start=\"908\" data-end=\"1003\">\n<td data-start=\"908\" data-end=\"956\" data-col-size=\"sm\"><strong data-start=\"910\" data-end=\"933\">H\u1ec7 th\u1ed1ng nhi\u00ean li\u1ec7u<\/strong><\/td>\n<td data-start=\"956\" data-end=\"1003\" data-col-size=\"sm\">C\u01a1 kh\u00ed + \u0110i\u1ec1u khi\u1ec3n \u0111i\u1ec7n t\u1eed<\/td>\n<\/tr>\n<tr data-start=\"1004\" data-end=\"1099\">\n<td data-start=\"1004\" data-end=\"1052\" data-col-size=\"sm\"><strong data-start=\"1006\" data-end=\"1038\">T\u1ed1c \u0111\u1ed9 kh\u00f4ng t\u1ea3i (v\u00f2ng\/ph\u00fat)<\/strong><\/td>\n<td data-start=\"1052\" data-end=\"1099\" data-col-size=\"sm\">750<\/td>\n<\/tr>\n<tr data-start=\"1100\" data-end=\"1196\">\n<td data-start=\"1100\" data-end=\"1149\" data-col-size=\"sm\"><strong data-start=\"1102\" data-end=\"1129\">K\u00edch th\u01b0\u1edbc (L\u00d7W\u00d7H) (mm)<\/strong><\/td>\n<td data-start=\"1149\" data-end=\"1196\" data-col-size=\"sm\">787 \u00d7 561 \u00d7 973<\/td>\n<\/tr>\n<tr data-start=\"1197\" data-end=\"1292\">\n<td data-start=\"1197\" data-end=\"1245\" data-col-size=\"sm\"><strong data-start=\"1199\" data-end=\"1219\">Tr\u1ecdng l\u01b0\u1ee3ng (kg)<\/strong><\/td>\n<td data-col-size=\"sm\" data-start=\"1245\" data-end=\"1292\">304<\/td>\n<\/tr>\n<\/tbody>\n<\/table>\n<p>&nbsp;<\/p>\n<p><span style=\"font-size: 2em; font-weight: bold;\">Th\u00f4ng s\u1ed1 k\u1ef9 thu\u1eadt chi ti\u1ebft<\/span><\/p>\n<p><strong>C\u00f4ng su\u1ea5t li\u00ean t\u1ee5c t\u1ed1i \u0111a \u1edf t\u1ea7n s\u1ed1 50 Hz<\/strong><\/p>\n<table class=\"w-fit min-w-(--thread-content-width)\" data-start=\"218\" data-end=\"734\">\n<thead data-start=\"218\" data-end=\"344\">\n<tr data-start=\"218\" data-end=\"344\">\n<th data-start=\"218\" data-end=\"239\" data-col-size=\"sm\"><strong data-start=\"220\" data-end=\"236\">Ki\u1ec3u \u0111\u1ed9ng c\u01a1<\/strong><\/th>\n<th data-start=\"239\" data-end=\"262\" data-col-size=\"sm\"><strong data-start=\"241\" data-end=\"261\">Ch\u1ebf \u0111\u1ed9 khai th\u00e1c<\/strong><\/th>\n<th data-start=\"262\" data-end=\"271\" data-col-size=\"sm\"><strong data-start=\"264\" data-end=\"270\">kW<\/strong><\/th>\n<th data-start=\"271\" data-end=\"280\" data-col-size=\"sm\"><strong data-start=\"273\" data-end=\"279\">HP<\/strong><\/th>\n<th data-start=\"280\" data-end=\"290\" data-col-size=\"sm\"><strong data-start=\"282\" data-end=\"289\">RPM<\/strong><\/th>\n<th data-start=\"290\" data-end=\"317\" data-col-size=\"sm\"><strong data-start=\"292\" data-end=\"312\">H\u1ec7 th\u1ed1ng kh\u00ed n\u1ea1p<\/strong><\/th>\n<th data-start=\"317\" data-end=\"344\" data-col-size=\"sm\"><strong data-start=\"319\" data-end=\"342\">Ti\u00eau chu\u1ea9n kh\u00ed th\u1ea3i<\/strong><\/th>\n<\/tr>\n<\/thead>\n<tbody data-start=\"475\" data-end=\"734\">\n<tr data-start=\"475\" data-end=\"604\">\n<td data-start=\"475\" data-end=\"496\" data-col-size=\"sm\">SY4Y3CF28-15<\/td>\n<td data-col-size=\"sm\" data-start=\"496\" data-end=\"520\">PRP<\/td>\n<td data-col-size=\"sm\" data-start=\"520\" data-end=\"529\">25<\/td>\n<td data-col-size=\"sm\" data-start=\"529\" data-end=\"538\">34<\/td>\n<td data-col-size=\"sm\" data-start=\"538\" data-end=\"548\">1500<\/td>\n<td data-col-size=\"sm\" data-start=\"548\" data-end=\"576\">H\u00fat gi\u00f3 t\u1ef1 nhi\u00ean<\/td>\n<td data-col-size=\"sm\" data-start=\"576\" data-end=\"604\">IMO II<\/td>\n<\/tr>\n<tr data-start=\"605\" data-end=\"734\">\n<td data-start=\"605\" data-end=\"626\" data-col-size=\"sm\">SY4Y3CF44-15<\/td>\n<td data-col-size=\"sm\" data-start=\"626\" data-end=\"650\">PRP<\/td>\n<td data-col-size=\"sm\" data-start=\"650\" data-end=\"659\">40<\/td>\n<td data-col-size=\"sm\" data-start=\"659\" data-end=\"668\">54<\/td>\n<td data-col-size=\"sm\" data-start=\"668\" data-end=\"678\">1500<\/td>\n<td data-col-size=\"sm\" data-start=\"678\" data-end=\"706\">Turbo t\u0103ng \u00e1p<\/td>\n<td data-col-size=\"sm\" data-start=\"706\" data-end=\"734\">IMO II<\/td>\n<\/tr>\n<\/tbody>\n<\/table>\n<p>&nbsp;<\/p>\n<div>\n<div><\/div>\n<h2>TH\u00d4NG TIN V\u1ec0 NH\u00c0 CUNG C\u1ea4P<\/h2>\n<p><strong>Shangyan Power Technology Jiangsu Co., Ltd.<\/strong> l\u00e0 doanh nghi\u1ec7p c\u00f4ng ngh\u1ec7 cao chuy\u00ean s\u1ea3n xu\u1ea5t c\u00e1c h\u1ec7 th\u1ed1ng n\u0103ng l\u01b0\u1ee3ng bao g\u1ed3m \u0111\u1ed9ng c\u01a1 diesel v\u00e0 m\u00e1y ph\u00e1t \u0111i\u1ec7n.<\/p>\n<ul>\n<li><strong>Ti\u1ec1n th\u00e2n:<\/strong> Vi\u1ec7n \u0110\u1ed9ng c\u01a1 Diesel Ph\u1ed1 \u0110\u00f4ng Th\u01b0\u1ee3ng H\u1ea3i, th\u00e0nh l\u1eadp t\u1eeb n\u0103m <strong>1993<\/strong><\/li>\n<li><strong>C\u01a1 s\u1edf:<\/strong> 2 trung t\u00e2m nghi\u00ean c\u1ee9u v\u00e0 ph\u00e1t tri\u1ec3n (R&amp;D) t\u1ea1i Th\u01b0\u1ee3ng H\u1ea3i, 1 nh\u00e0 m\u00e1y s\u1ea3n xu\u1ea5t t\u1ea1i Nantong<\/li>\n<\/ul>\n<p><strong style=\"font-size: 16px;\">T\u1ea1i Vi\u1ec7t Nam, Vina TD H\u1ea3i Ph\u00f2ng<\/strong><span style=\"font-size: 16px;\"> t\u1ef1 h\u00e0o l\u00e0 <\/span><strong style=\"font-size: 16px;\">\u0111\u1ea1i l\u00fd ch\u00ednh th\u1ee9c c\u1ee7a Shyan Power. <\/strong><span style=\"font-size: 16px;\">Ch\u00fang t\u00f4i cam k\u1ebft mang \u0111\u1ebfn cho kh\u00e1ch h\u00e0ng c\u00e1c s\u1ea3n ph\u1ea9m \u0111\u1ed9ng c\u01a1 ch\u1ea5t l\u01b0\u1ee3ng cao nh\u1ea5t c\u00f9ng v\u1edbi c\u00e1c d\u1ecbch v\u1ee5 h\u1ed7 tr\u1ee3 chuy\u00ean s\u00e2u nh\u01b0:<\/span><\/p>\n<ul>\n<li><strong>T\u01b0 v\u1ea5n k\u1ef9 thu\u1eadt:<\/strong> \u0110\u1ed9i ng\u0169 k\u1ef9 s\u01b0 gi\u00e0u kinh nghi\u1ec7m lu\u00f4n s\u1eb5n s\u00e0ng h\u1ed7 tr\u1ee3 kh\u00e1ch h\u00e0ng v\u1edbi th\u00f4ng tin chi ti\u1ebft v\u00e0 ch\u00ednh x\u00e1c nh\u1ea5t.<\/li>\n<li><strong>H\u1ed7 tr\u1ee3 l\u1eafp \u0111\u1eb7t v\u00e0 b\u1ea3o tr\u00ec \u0111\u1ecbnh k\u1ef3:<\/strong> \u0110\u1ea3m b\u1ea3o \u0111\u1ed9ng c\u01a1 ho\u1ea1t \u0111\u1ed9ng \u1ed5n \u0111\u1ecbnh v\u00e0 hi\u1ec7u qu\u1ea3 trong th\u1eddi gian d\u00e0i.<\/li>\n<li><strong>D\u1ecbch v\u1ee5 h\u1eadu m\u00e3i t\u1eadn t\u00e2m:<\/strong> H\u1ed7 tr\u1ee3 kh\u00e1ch h\u00e0ng t\u1ed1i \u01b0u h\u00f3a hi\u1ec7u qu\u1ea3 v\u1eadn h\u00e0nh c\u1ee7a thi\u1ebft b\u1ecb.<\/li>\n<\/ul>\n<\/div>\n<div class=\"group pointer-events-none relative flex justify-center *:pointer-events-auto\"><\/div>\n","protected":false},"excerpt":{"rendered":"<p>Th\u00f4ng tin chung H\u1ea1ng m\u1ee5c Th\u00f4ng s\u1ed1 Ki\u1ec3u \u0111\u1ed9ng c\u01a1 4 k\u1ef3; 4 xi lanh th\u1eb3ng h\u00e0ng H\u1ec7 th\u1ed1ng kh\u00ed n\u1ea1p H\u00fat kh\u00ed t\u1ef1 nhi\u00ean \/ Turbo t\u0103ng \u00e1p \u0110\u01b0\u1eddng k\u00ednh xi lanh \u00d7 H\u00e0nh tr\u00ecnh piston (mm) 90 \u00d7 105 Dung t\u00edch xi lanh (L) 2.7 Ti\u00eau chu\u1ea9n l\u1eafp gh\u00e9p SAE 4# \/ 7.5\u201d [&hellip;]<\/p>\n","protected":false},"featured_media":32229,"template":"","meta":{"site-sidebar-layout":"default","site-content-layout":"","ast-site-content-layout":"default","site-content-style":"default","site-sidebar-style":"default","ast-global-header-display":"","ast-banner-title-visibility":"","ast-main-header-display":"","ast-hfb-above-header-display":"","ast-hfb-below-header-display":"","ast-hfb-mobile-header-display":"","site-post-title":"","ast-breadcrumbs-content":"","ast-featured-img":"","footer-sml-layout":"","theme-transparent-header-meta":"default","adv-header-id-meta":"","stick-header-meta":"","header-above-stick-meta":"","header-main-stick-meta":"","header-below-stick-meta":"","astra-migrate-meta-layouts":"set","ast-page-background-enabled":"default","ast-page-background-meta":{"desktop":{"background-color":"var(--ast-global-color-4)","background-image":"","background-repeat":"repeat","background-position":"center center","background-size":"auto","background-attachment":"scroll","background-type":"","background-media":"","overlay-type":"","overlay-color":"","overlay-opacity":"","overlay-gradient":""},"tablet":{"background-color":"","background-image":"","background-repeat":"repeat","background-position":"center center","background-size":"auto","background-attachment":"scroll","background-type":"","background-media":"","overlay-type":"","overlay-color":"","overlay-opacity":"","overlay-gradient":""},"mobile":{"background-color":"","background-image":"","background-repeat":"repeat","background-position":"center center","background-size":"auto","background-attachment":"scroll","background-type":"","background-media":"","overlay-type":"","overlay-color":"","overlay-opacity":"","overlay-gradient":""}},"ast-content-background-meta":{"desktop":{"background-color":"var(--ast-global-color-5)","background-image":"","background-repeat":"repeat","background-position":"center center","background-size":"auto","background-attachment":"scroll","background-type":"","background-media":"","overlay-type":"","overlay-color":"","overlay-opacity":"","overlay-gradient":""},"tablet":{"background-color":"var(--ast-global-color-5)","background-image":"","background-repeat":"repeat","background-position":"center center","background-size":"auto","background-attachment":"scroll","background-type":"","background-media":"","overlay-type":"","overlay-color":"","overlay-opacity":"","overlay-gradient":""},"mobile":{"background-color":"var(--ast-global-color-5)","background-image":"","background-repeat":"repeat","background-position":"center center","background-size":"auto","background-attachment":"scroll","background-type":"","background-media":"","overlay-type":"","overlay-color":"","overlay-opacity":"","overlay-gradient":""}}},"product_cat":[402,407],"product_tag":[],"class_list":{"0":"post-32269","1":"product","2":"type-product","3":"status-publish","4":"has-post-thumbnail","6":"product_cat-dong-co-shyan-power","7":"product_cat-may-phat-dien-hang-hai-shyan-power","8":"desktop-align-left","9":"tablet-align-left","10":"mobile-align-left","12":"first","13":"instock","14":"shipping-taxable","15":"product-type-simple"},"_links":{"self":[{"href":"https:\/\/vinatd.com\/index.php?rest_route=\/wp\/v2\/product\/32269","targetHints":{"allow":["GET"]}}],"collection":[{"href":"https:\/\/vinatd.com\/index.php?rest_route=\/wp\/v2\/product"}],"about":[{"href":"https:\/\/vinatd.com\/index.php?rest_route=\/wp\/v2\/types\/product"}],"wp:featuredmedia":[{"embeddable":true,"href":"https:\/\/vinatd.com\/index.php?rest_route=\/wp\/v2\/media\/32229"}],"wp:attachment":[{"href":"https:\/\/vinatd.com\/index.php?rest_route=%2Fwp%2Fv2%2Fmedia&parent=32269"}],"wp:term":[{"taxonomy":"product_cat","embeddable":true,"href":"https:\/\/vinatd.com\/index.php?rest_route=%2Fwp%2Fv2%2Fproduct_cat&post=32269"},{"taxonomy":"product_tag","embeddable":true,"href":"https:\/\/vinatd.com\/index.php?rest_route=%2Fwp%2Fv2%2Fproduct_tag&post=32269"}],"curies":[{"name":"wp","href":"https:\/\/api.w.org\/{rel}","templated":true}]}}