{"id":17371,"date":"2023-09-28T10:05:36","date_gmt":"2023-09-28T03:05:36","guid":{"rendered":"http:\/\/vinatd.com\/?post_type=product&#038;p=17371"},"modified":"2023-09-28T17:54:53","modified_gmt":"2023-09-28T10:54:53","slug":"thiet-bi-gioi-han-cong-suat-truc-shapoli","status":"publish","type":"product","link":"https:\/\/vinatd.com\/?product=thiet-bi-gioi-han-cong-suat-truc-shapoli","title":{"rendered":"Thi\u1ebft b\u1ecb gi\u1edbi h\u1ea1n c\u00f4ng su\u1ea5t tr\u1ee5c (Shapoli)"},"content":{"rendered":"<p>IMO \u0111\u00e3 \u0111\u1eb7t m\u1ee5c ti\u00eau gi\u1ea3m thi\u1ec3u l\u01b0\u1ee3ng kh\u00ed th\u1ea3i CO<sub>2<\/sub> t\u1eeb t\u00e0u \u00edt nh\u1ea5t 40% v\u00e0o n\u0103m 2030 so v\u1edbi m\u1ee9c th\u1ea3i c\u1ee7a n\u0103m 2008. \u0110\u1ec3 \u0111\u00e1p \u1ee9ng m\u1ee5c ti\u00eau n\u00e0y, IMO \u0111\u00e3 th\u00f4ng qua quy \u0111\u1ecbnh li\u00ean quan \u0111\u1ebfn EEXI v\u00e0 CII, m\u1ed9t b\u1ed9 s\u1eeda \u0111\u1ed5i \u0111\u1ed1i v\u1edbi c\u00e1c quy \u0111\u1ecbnh hi\u1ec7n h\u00e0nh nh\u1eb1m gi\u1ea3m ph\u00e1t th\u1ea3i kh\u00ed nh\u00e0 k\u00ednh t\u1eeb t\u00e0u thuy\u1ec1n.<\/p>\n<p>&nbsp;<\/p>\n<p>Theo \u0111\u00f3, t\u1ea5t c\u1ea3 c\u00e1c t\u00e0u ch\u1edf h\u00e0ng v\u00e0 t\u00e0u du l\u1ecbch tr\u00ean 400 GT (thu\u1ed9c Ph\u1ee5 l\u1ee5c VI MARPOL) tham gia c\u00e1c tuy\u1ebfn qu\u1ed1c t\u1ebf ph\u1ea3i tu\u00e2n th\u1ee7 c\u00e1c ti\u00eau chu\u1ea9n EEXI. Ch\u1ee7 t\u00e0u ph\u1ea3i g\u1eedi c\u01a1 quan \u0111\u0103ng ki\u1ec3m xem x\u00e9t v\u00e0 ph\u00ea duy\u1ec7t H\u1ed3 s\u01a1 k\u1ef9 thu\u1eadt EEXI s\u1ebd bao g\u1ed3m c\u00e1c t\u00ednh to\u00e1n v\u1ec1 m\u1ee9c EEXI \u0111\u1ea1t \u0111\u01b0\u1ee3c ph\u1ea3i th\u1ea5p h\u01a1n c\u00e1c ti\u00eau chu\u1ea9n EEXI \u0111\u01b0\u1ee3c y\u00eau c\u1ea7u.<\/p>\n<p>&nbsp;<\/p>\n<p>\u0110\u1ec3 \u0111\u1ea1t \u0111\u01b0\u1ee3c s\u1ef1 tu\u00e2n th\u1ee7 c\u00e1c y\u00eau c\u1ea7u c\u1ee7a H\u1ed3 s\u01a1 k\u1ef9 thu\u1eadt EEXI, nhi\u1ec1u t\u00e0u s\u1ebd c\u1ea7n ph\u1ea3i thay \u0111\u1ed5i h\u1ec7 th\u1ed1ng c\u1ee7a m\u00ecnh \u0111\u1ec3 c\u1ea3i thi\u1ec7n hi\u1ec7u qu\u1ea3 s\u1eed d\u1ee5ng n\u0103ng l\u01b0\u1ee3ng. S\u1eed d\u1ee5ng thi\u1ebft b\u1ecb gi\u1edbi h\u1ea1n c\u00f4ng su\u1ea5t tr\u1ee5c (Shapoli) l\u00e0 gi\u1ea3i ph\u00e1p m\u00e0 nhi\u1ec1u ch\u1ee7 t\u00e0u c\u00e2n nh\u1eafc b\u1edfi t\u00ednh hi\u1ec7u qu\u1ea3 v\u00e0 ti\u1ebft ki\u1ec7m c\u1ee7a n\u00f3.<\/p>\n<p>&nbsp;<\/p>\n<p>H\u1ec7 th\u1ed1ng bao g\u1ed3m b\u1ed9 chuy\u1ec3n \u0111\u1ed5i m\u00f4-men xo\u1eafn, \u0111\u1ed3ng h\u1ed3 \u0111o c\u00f4ng su\u1ea5t tr\u1ee5c, h\u1ed9p giao di\u1ec7n v\u00e0 m\u00e0n h\u00ecnh HMI. B\u00ean c\u1ea1nh \u0111\u00f3, c\u00f3 th\u1ec3 th\u00eam c\u00e1c t\u00f9y ch\u1ecdn b\u1ed5 sung \u0111\u1ec3 \u0111o hi\u1ec7u su\u1ea5t thi\u1ebft b\u1ecb, ch\u1eb3ng h\u1ea1n nh\u01b0 \u0111\u1ed3ng h\u1ed3 \u0111o d\u1ea7u nhi\u00ean li\u1ec7u v\u00e0 m\u00e1y \u0111o \u0111\u1ed9 nh\u1edbt, c\u00f9ng v\u1edbi vi\u1ec7c k\u1ebft n\u1ed1i c\u00e1nh qu\u1ea1t b\u01b0\u1edbc \u0111\u01b0\u1ee3c \u0111i\u1ec1u khi\u1ec3n \u0111\u1ec3 ho\u1ea1t \u0111\u1ed9ng nh\u01b0 m\u1ed9t h\u1ec7 th\u1ed1ng \u0111i\u1ec1u ch\u1ec9nh \u0111\u1ed9ng (h\u1ec7 th\u1ed1ng Shapoli c\u00f3 th\u1ec3 \u0111i\u1ec1u ch\u1ec9nh b\u01b0\u1edbc c\u00e1nh qu\u1ea1t v\u00e0 v\u00f2ng quay m\u1ed7i ph\u00fat c\u1ee7a \u0111\u1ed9ng c\u01a1 \u0111\u1ec3 t\u1ea1o ra l\u1ef1c \u0111\u1ea9y t\u1ed1t nh\u1ea5t v\u1edbi m\u1ee9c ti\u00eau hao n\u0103ng l\u01b0\u1ee3ng \u00edt nh\u1ea5t), gi\u00fap ti\u1ebft ki\u1ec7m nhi\u00ean li\u1ec7u l\u00ean t\u1edbi 9%, h\u1ed3 s\u01a1 ho\u1ea1t \u0111\u1ed9ng c\u1ee7a t\u00e0u \u1ed5n \u0111\u1ecbnh l\u00e2u d\u00e0i v\u00e0 x\u00e1c \u0111\u1ecbnh s\u1edbm s\u1ef1 t\u1eafc ngh\u1ebdn c\u1ee7a th\u00e2n t\u00e0u.<\/p>\n<p>&nbsp;<\/p>\n<p><img loading=\"lazy\" decoding=\"async\" class=\"aligncenter\" src=\"http:\/\/vinatd.com\/wp-content\/uploads\/2023\/09\/Shapoli-2.png\" alt=\"\" width=\"884\" height=\"496\" \/><\/p>\n<p>&nbsp;<\/p>\n<p>Shapoli ho\u1ea1t \u0111\u1ed9ng b\u1eb1ng c\u00e1ch h\u1ea1n ch\u1ebf c\u00f4ng su\u1ea5t \u0111\u1ea7u ra t\u1ed1i \u0111a c\u1ee7a tr\u1ee5c \u1edf m\u1ed9t t\u1ef7 l\u1ec7 ph\u1ea7n tr\u0103m so v\u1edbi c\u00f4ng su\u1ea5t ban \u0111\u1ea7u t\u00f9y thu\u1ed9c v\u00e0o y\u00eau c\u1ea7u EEXI ri\u00eang c\u1ee7a t\u00e0u. V\u00ec c\u00f4ng su\u1ea5t \u0111\u1ed9ng c\u01a1 c\u00f3 m\u1ed1i li\u00ean h\u1ec7 ch\u1eb7t ch\u1ebd v\u1edbi vi\u1ec7c s\u1eed d\u1ee5ng nhi\u00ean li\u1ec7u n\u00ean vi\u1ec7c gi\u1edbi h\u1ea1n c\u00f4ng su\u1ea5t s\u1ebd l\u00e0m gi\u1ea3m m\u1ee9c ti\u00eau th\u1ee5 h\u00e0ng gi\u1edd v\u00e0 k\u1ebft qu\u1ea3 l\u00e0 gi\u1ea3m l\u01b0\u1ee3ng kh\u00ed th\u1ea3i.<\/p>\n<p>&nbsp;<\/p>\n<p>V\u1edbi kinh nghi\u1ec7m trong vi\u1ec7c cung c\u1ea5p thi\u1ebft b\u1ecb gi\u1edbi h\u1ea1n c\u00f4ng su\u1ea5t tr\u1ee5c, <strong>VinaTD<\/strong> s\u1ebd h\u1ed7 tr\u1ee3 qu\u00fd kh\u00e1ch h\u00e0ng trong vi\u1ec7c t\u01b0 v\u1ea5n v\u00e0 \u0111\u01b0a ra gi\u1ea3i ph\u00e1p t\u1ed1t nh\u1ea5t \u0111\u1ec3 \u0111\u00e1p \u1ee9ng c\u00e1c y\u00eau c\u1ea7u theo quy \u0111\u1ecbnh c\u1ee7a IMO.<\/p>\n","protected":false},"excerpt":{"rendered":"<p>IMO \u0111\u00e3 \u0111\u1eb7t m\u1ee5c ti\u00eau gi\u1ea3m thi\u1ec3u l\u01b0\u1ee3ng kh\u00ed th\u1ea3i CO2 t\u1eeb t\u00e0u \u00edt nh\u1ea5t 40% v\u00e0o n\u0103m 2030 so v\u1edbi m\u1ee9c th\u1ea3i c\u1ee7a n\u0103m 2008. \u0110\u1ec3 \u0111\u00e1p \u1ee9ng m\u1ee5c ti\u00eau n\u00e0y, IMO \u0111\u00e3 th\u00f4ng qua quy \u0111\u1ecbnh li\u00ean quan \u0111\u1ebfn EEXI v\u00e0 CII, m\u1ed9t b\u1ed9 s\u1eeda \u0111\u1ed5i \u0111\u1ed1i v\u1edbi c\u00e1c quy \u0111\u1ecbnh hi\u1ec7n h\u00e0nh [&hellip;]<\/p>\n","protected":false},"featured_media":17373,"template":"","meta":{"site-sidebar-layout":"default","site-content-layout":"default","ast-site-content-layout":"","site-content-style":"default","site-sidebar-style":"default","ast-global-header-display":"","ast-banner-title-visibility":"","ast-main-header-display":"","ast-hfb-above-header-display":"","ast-hfb-below-header-display":"","ast-hfb-mobile-header-display":"","site-post-title":"","ast-breadcrumbs-content":"","ast-featured-img":"","footer-sml-layout":"","theme-transparent-header-meta":"default","adv-header-id-meta":"","stick-header-meta":"","header-above-stick-meta":"","header-main-stick-meta":"","header-below-stick-meta":"","astra-migrate-meta-layouts":"default","ast-page-background-enabled":"default","ast-page-background-meta":{"desktop":{"background-color":"var(--ast-global-color-4)","background-image":"","background-repeat":"repeat","background-position":"center center","background-size":"auto","background-attachment":"scroll","background-type":"","background-media":"","overlay-type":"","overlay-color":"","overlay-opacity":"","overlay-gradient":""},"tablet":{"background-color":"","background-image":"","background-repeat":"repeat","background-position":"center center","background-size":"auto","background-attachment":"scroll","background-type":"","background-media":"","overlay-type":"","overlay-color":"","overlay-opacity":"","overlay-gradient":""},"mobile":{"background-color":"","background-image":"","background-repeat":"repeat","background-position":"center center","background-size":"auto","background-attachment":"scroll","background-type":"","background-media":"","overlay-type":"","overlay-color":"","overlay-opacity":"","overlay-gradient":""}},"ast-content-background-meta":{"desktop":{"background-color":"var(--ast-global-color-5)","background-image":"","background-repeat":"repeat","background-position":"center center","background-size":"auto","background-attachment":"scroll","background-type":"","background-media":"","overlay-type":"","overlay-color":"","overlay-opacity":"","overlay-gradient":""},"tablet":{"background-color":"var(--ast-global-color-5)","background-image":"","background-repeat":"repeat","background-position":"center center","background-size":"auto","background-attachment":"scroll","background-type":"","background-media":"","overlay-type":"","overlay-color":"","overlay-opacity":"","overlay-gradient":""},"mobile":{"background-color":"var(--ast-global-color-5)","background-image":"","background-repeat":"repeat","background-position":"center center","background-size":"auto","background-attachment":"scroll","background-type":"","background-media":"","overlay-type":"","overlay-color":"","overlay-opacity":"","overlay-gradient":""}}},"product_cat":[347],"product_tag":[],"class_list":{"0":"post-17371","1":"product","2":"type-product","3":"status-publish","4":"has-post-thumbnail","6":"product_cat-thiet-bi-tiet-kiem-nang-luong-cho-tau-thuy","7":"desktop-align-left","8":"tablet-align-left","9":"mobile-align-left","11":"first","12":"instock","13":"shipping-taxable","14":"product-type-simple"},"_links":{"self":[{"href":"https:\/\/vinatd.com\/index.php?rest_route=\/wp\/v2\/product\/17371","targetHints":{"allow":["GET"]}}],"collection":[{"href":"https:\/\/vinatd.com\/index.php?rest_route=\/wp\/v2\/product"}],"about":[{"href":"https:\/\/vinatd.com\/index.php?rest_route=\/wp\/v2\/types\/product"}],"wp:featuredmedia":[{"embeddable":true,"href":"https:\/\/vinatd.com\/index.php?rest_route=\/wp\/v2\/media\/17373"}],"wp:attachment":[{"href":"https:\/\/vinatd.com\/index.php?rest_route=%2Fwp%2Fv2%2Fmedia&parent=17371"}],"wp:term":[{"taxonomy":"product_cat","embeddable":true,"href":"https:\/\/vinatd.com\/index.php?rest_route=%2Fwp%2Fv2%2Fproduct_cat&post=17371"},{"taxonomy":"product_tag","embeddable":true,"href":"https:\/\/vinatd.com\/index.php?rest_route=%2Fwp%2Fv2%2Fproduct_tag&post=17371"}],"curies":[{"name":"wp","href":"https:\/\/api.w.org\/{rel}","templated":true}]}}