{"id":16431,"date":"2023-02-21T06:17:18","date_gmt":"2023-02-21T06:17:18","guid":{"rendered":"http:\/\/vntd.com\/?post_type=product&#038;p=16431"},"modified":"2023-09-22T09:22:11","modified_gmt":"2023-09-22T09:22:11","slug":"son-cho-ho-nuoc-thai-nuoc-sinh-hoat-et5775","status":"publish","type":"product","link":"https:\/\/vinatd.com\/?product=son-cho-ho-nuoc-thai-nuoc-sinh-hoat-et5775","title":{"rendered":"S\u01a1n cho h\u1ed3 n\u01b0\u1edbc th\u1ea3i, n\u01b0\u1edbc sinh ho\u1ea1t &#8211; ET5775"},"content":{"rendered":"<p><strong>M\u00f4 t\u1ea3:\u00a0<\/strong>S\u01a1n ET5775 l\u00e0 lo\u1ea1i s\u01a1n hai th\u00e0nh ph\u1ea7n, g\u1ed1c nh\u1ef1a Epoxy, hi\u1ec7u qu\u1ea3 l\u00e0m gi\u1ea3m s\u1ef1 \u0103n m\u00f2n c\u1ee7a b\u00ea t\u00f4ng v\u00e0 ch\u1ea5t \u00f4 nhi\u1ec5m m\u00f4i tr\u01b0\u1eddng c\u1ee7a b\u00ean trong b\u1ec3 ch\u1ee9a n\u01b0\u1edbc sinh ho\u1ea1t. Ngo\u00e0i ra, n\u00f3 c\u00f3 th\u1ec3 \u0111\u01b0\u1ee3c \u00e1p d\u1ee5ng tr\u1ef1c ti\u1ebfp tr\u00ean b\u1ec1 m\u1eb7t b\u00ea t\u00f4ng \u1ea9m. N\u00f3 cung c\u1ea5p \u0111\u1ed9 b\u00e1m d\u00ednh tuy\u1ec7t v\u1eddi cho b\u00ea t\u00f4ng. N\u00f3 \u0111\u1ea3m b\u1ea3o l\u1ea5p k\u00edn tuy\u1ec7t \u0111\u1ed1i v\u00e0 \u0111\u1ed9 b\u00e1m d\u00ednh ch\u1eb7t ch\u1ebd gi\u1eefa l\u1edbp s\u01a1n l\u00f3t v\u00e0 l\u1edbp s\u01a1n ph\u1ee7 ET5775. N\u00f3 c\u00f3 th\u1ec3 s\u1eed d\u1ee5ng l\u00e0 l\u1edbp l\u00f3t cho b\u1ec3 trong th\u1ef1c ph\u1ea9m, b\u1ec3 ch\u1ee9a n\u01b0\u1edbc s\u1ea1ch m\u00e0 kh\u00f4ng g\u00e2y \u0111\u1ed9c h\u1ea1i ph\u00f9 h\u1ee3p v\u1edbi quy \u0111\u1ecbnh c\u1ee7a FDA, ph\u1ea7n 175,300.<\/p>\n<p><strong>\u1ee8ng d\u1ee5ng: <\/strong>nh\u01b0 m\u1ed9t l\u1edbp s\u01a1n l\u00f3t cho b\u00ean trong c\u1ee7a b\u1ec3 n\u01b0\u1edbc sinh ho\u1ea1t ch\u1eb3ng h\u1ea1n nh\u01b0 m\u1ed9t c\u0103n h\u1ed9, m\u1ed9t nh\u00e0 m\u00e1y, v.v&#8230;<\/p>\n","protected":false},"excerpt":{"rendered":"<p>M\u00f4 t\u1ea3:\u00a0S\u01a1n ET5775 l\u00e0 lo\u1ea1i s\u01a1n hai th\u00e0nh ph\u1ea7n, g\u1ed1c nh\u1ef1a Epoxy, hi\u1ec7u qu\u1ea3 l\u00e0m gi\u1ea3m s\u1ef1 \u0103n m\u00f2n c\u1ee7a b\u00ea t\u00f4ng v\u00e0 ch\u1ea5t \u00f4 nhi\u1ec5m m\u00f4i tr\u01b0\u1eddng c\u1ee7a b\u00ean trong b\u1ec3 ch\u1ee9a n\u01b0\u1edbc sinh ho\u1ea1t. Ngo\u00e0i ra, n\u00f3 c\u00f3 th\u1ec3 \u0111\u01b0\u1ee3c \u00e1p d\u1ee5ng tr\u1ef1c ti\u1ebfp tr\u00ean b\u1ec1 m\u1eb7t b\u00ea t\u00f4ng \u1ea9m. N\u00f3 cung c\u1ea5p [&hellip;]<\/p>\n","protected":false},"featured_media":16434,"template":"","meta":{"site-sidebar-layout":"default","site-content-layout":"default","ast-site-content-layout":"","site-content-style":"default","site-sidebar-style":"default","ast-global-header-display":"","ast-banner-title-visibility":"","ast-main-header-display":"","ast-hfb-above-header-display":"","ast-hfb-below-header-display":"","ast-hfb-mobile-header-display":"","site-post-title":"","ast-breadcrumbs-content":"","ast-featured-img":"","footer-sml-layout":"","theme-transparent-header-meta":"default","adv-header-id-meta":"","stick-header-meta":"","header-above-stick-meta":"","header-main-stick-meta":"","header-below-stick-meta":"","astra-migrate-meta-layouts":"default","ast-page-background-enabled":"default","ast-page-background-meta":{"desktop":{"background-color":"var(--ast-global-color-4)","background-image":"","background-repeat":"repeat","background-position":"center center","background-size":"auto","background-attachment":"scroll","background-type":"","background-media":"","overlay-type":"","overlay-color":"","overlay-opacity":"","overlay-gradient":""},"tablet":{"background-color":"","background-image":"","background-repeat":"repeat","background-position":"center center","background-size":"auto","background-attachment":"scroll","background-type":"","background-media":"","overlay-type":"","overlay-color":"","overlay-opacity":"","overlay-gradient":""},"mobile":{"background-color":"","background-image":"","background-repeat":"repeat","background-position":"center center","background-size":"auto","background-attachment":"scroll","background-type":"","background-media":"","overlay-type":"","overlay-color":"","overlay-opacity":"","overlay-gradient":""}},"ast-content-background-meta":{"desktop":{"background-color":"var(--ast-global-color-5)","background-image":"","background-repeat":"repeat","background-position":"center center","background-size":"auto","background-attachment":"scroll","background-type":"","background-media":"","overlay-type":"","overlay-color":"","overlay-opacity":"","overlay-gradient":""},"tablet":{"background-color":"var(--ast-global-color-5)","background-image":"","background-repeat":"repeat","background-position":"center center","background-size":"auto","background-attachment":"scroll","background-type":"","background-media":"","overlay-type":"","overlay-color":"","overlay-opacity":"","overlay-gradient":""},"mobile":{"background-color":"var(--ast-global-color-5)","background-image":"","background-repeat":"repeat","background-position":"center center","background-size":"auto","background-attachment":"scroll","background-type":"","background-media":"","overlay-type":"","overlay-color":"","overlay-opacity":"","overlay-gradient":""}}},"product_cat":[208],"product_tag":[],"class_list":{"0":"post-16431","1":"product","2":"type-product","3":"status-publish","4":"has-post-thumbnail","6":"product_cat-son-cong-nghiep","7":"desktop-align-left","8":"tablet-align-left","9":"mobile-align-left","11":"first","12":"instock","13":"shipping-taxable","14":"product-type-simple"},"_links":{"self":[{"href":"https:\/\/vinatd.com\/index.php?rest_route=\/wp\/v2\/product\/16431","targetHints":{"allow":["GET"]}}],"collection":[{"href":"https:\/\/vinatd.com\/index.php?rest_route=\/wp\/v2\/product"}],"about":[{"href":"https:\/\/vinatd.com\/index.php?rest_route=\/wp\/v2\/types\/product"}],"wp:featuredmedia":[{"embeddable":true,"href":"https:\/\/vinatd.com\/index.php?rest_route=\/wp\/v2\/media\/16434"}],"wp:attachment":[{"href":"https:\/\/vinatd.com\/index.php?rest_route=%2Fwp%2Fv2%2Fmedia&parent=16431"}],"wp:term":[{"taxonomy":"product_cat","embeddable":true,"href":"https:\/\/vinatd.com\/index.php?rest_route=%2Fwp%2Fv2%2Fproduct_cat&post=16431"},{"taxonomy":"product_tag","embeddable":true,"href":"https:\/\/vinatd.com\/index.php?rest_route=%2Fwp%2Fv2%2Fproduct_tag&post=16431"}],"curies":[{"name":"wp","href":"https:\/\/api.w.org\/{rel}","templated":true}]}}