{"id":16420,"date":"2023-02-21T06:12:21","date_gmt":"2023-02-21T06:12:21","guid":{"rendered":"http:\/\/vntd.com\/?post_type=product&#038;p=16420"},"modified":"2023-09-22T08:20:49","modified_gmt":"2023-09-22T08:20:49","slug":"son-phu-polyurethane-ut6581","status":"publish","type":"product","link":"https:\/\/vinatd.com\/?product=son-phu-polyurethane-ut6581","title":{"rendered":"S\u01a1n phu\u0309 PolyUrethane &#8211; UT6581"},"content":{"rendered":"<p><strong>M\u00f4 t\u1ea3: <\/strong>S\u01a1n UT6581 l\u00e0 lo\u1ea1i s\u01a1n ho\u00e0n thi\u1ec7n hai th\u00e0nh ph\u1ea7n, g\u1ed3m nh\u1ef1a acrylic\/polyurethane c\u00f3 kh\u1ea3 n\u0103ng ch\u1ed1ng axit, ki\u1ec1m, dung m\u00f4i, mu\u1ed1i v\u00e0 n\u01b0\u1edbc r\u1ea5t t\u1ed1t, \u0111\u1ed3ng th\u1eddi c\u0169ng c\u00f3 kh\u1ea3 n\u0103ng ch\u1ed1ng ch\u1ecbu th\u1eddi ti\u1ebft v\u00e0 gi\u1eef m\u00e0u v\u01b0\u1ee3t tr\u1ed9i.<br \/>\n<strong>\u1ee8ng d\u1ee5ng: <\/strong>\u0110\u00e2y l\u00e0 l\u1edbp ph\u1ee7 ho\u00e0n thi\u1ec7n \u0111\u1ec3 s\u1eed d\u1ee5ng tr\u00ean k\u1ebft c\u1ea5u th\u00e9p ho\u1eb7c b\u00ea t\u00f4ng trong \u0111i\u1ec1u ki\u1ec7n \u0103n m\u00f2n h\u00f3a h\u1ecdc ho\u1eb7c th\u1eddi ti\u1ebft kh\u1eafc nghi\u1ec7t v\u00e0 m\u00f4i tr\u01b0\u1eddng c\u00f4ng nghi\u1ec7p.<\/p>\n","protected":false},"excerpt":{"rendered":"<p>M\u00f4 t\u1ea3: S\u01a1n UT6581 l\u00e0 lo\u1ea1i s\u01a1n ho\u00e0n thi\u1ec7n hai th\u00e0nh ph\u1ea7n, g\u1ed3m nh\u1ef1a acrylic\/polyurethane c\u00f3 kh\u1ea3 n\u0103ng ch\u1ed1ng axit, ki\u1ec1m, dung m\u00f4i, mu\u1ed1i v\u00e0 n\u01b0\u1edbc r\u1ea5t t\u1ed1t, \u0111\u1ed3ng th\u1eddi c\u0169ng c\u00f3 kh\u1ea3 n\u0103ng ch\u1ed1ng ch\u1ecbu th\u1eddi ti\u1ebft v\u00e0 gi\u1eef m\u00e0u v\u01b0\u1ee3t tr\u1ed9i. \u1ee8ng d\u1ee5ng: \u0110\u00e2y l\u00e0 l\u1edbp ph\u1ee7 ho\u00e0n thi\u1ec7n \u0111\u1ec3 s\u1eed d\u1ee5ng tr\u00ean [&hellip;]<\/p>\n","protected":false},"featured_media":16421,"template":"","meta":{"site-sidebar-layout":"default","site-content-layout":"default","ast-site-content-layout":"","site-content-style":"default","site-sidebar-style":"default","ast-global-header-display":"","ast-banner-title-visibility":"","ast-main-header-display":"","ast-hfb-above-header-display":"","ast-hfb-below-header-display":"","ast-hfb-mobile-header-display":"","site-post-title":"","ast-breadcrumbs-content":"","ast-featured-img":"","footer-sml-layout":"","theme-transparent-header-meta":"default","adv-header-id-meta":"","stick-header-meta":"","header-above-stick-meta":"","header-main-stick-meta":"","header-below-stick-meta":"","astra-migrate-meta-layouts":"default","ast-page-background-enabled":"default","ast-page-background-meta":{"desktop":{"background-color":"var(--ast-global-color-4)","background-image":"","background-repeat":"repeat","background-position":"center center","background-size":"auto","background-attachment":"scroll","background-type":"","background-media":"","overlay-type":"","overlay-color":"","overlay-opacity":"","overlay-gradient":""},"tablet":{"background-color":"","background-image":"","background-repeat":"repeat","background-position":"center center","background-size":"auto","background-attachment":"scroll","background-type":"","background-media":"","overlay-type":"","overlay-color":"","overlay-opacity":"","overlay-gradient":""},"mobile":{"background-color":"","background-image":"","background-repeat":"repeat","background-position":"center center","background-size":"auto","background-attachment":"scroll","background-type":"","background-media":"","overlay-type":"","overlay-color":"","overlay-opacity":"","overlay-gradient":""}},"ast-content-background-meta":{"desktop":{"background-color":"var(--ast-global-color-5)","background-image":"","background-repeat":"repeat","background-position":"center center","background-size":"auto","background-attachment":"scroll","background-type":"","background-media":"","overlay-type":"","overlay-color":"","overlay-opacity":"","overlay-gradient":""},"tablet":{"background-color":"var(--ast-global-color-5)","background-image":"","background-repeat":"repeat","background-position":"center center","background-size":"auto","background-attachment":"scroll","background-type":"","background-media":"","overlay-type":"","overlay-color":"","overlay-opacity":"","overlay-gradient":""},"mobile":{"background-color":"var(--ast-global-color-5)","background-image":"","background-repeat":"repeat","background-position":"center center","background-size":"auto","background-attachment":"scroll","background-type":"","background-media":"","overlay-type":"","overlay-color":"","overlay-opacity":"","overlay-gradient":""}}},"product_cat":[208],"product_tag":[],"class_list":{"0":"post-16420","1":"product","2":"type-product","3":"status-publish","4":"has-post-thumbnail","6":"product_cat-son-cong-nghiep","7":"desktop-align-left","8":"tablet-align-left","9":"mobile-align-left","11":"first","12":"instock","13":"shipping-taxable","14":"product-type-simple"},"_links":{"self":[{"href":"https:\/\/vinatd.com\/index.php?rest_route=\/wp\/v2\/product\/16420","targetHints":{"allow":["GET"]}}],"collection":[{"href":"https:\/\/vinatd.com\/index.php?rest_route=\/wp\/v2\/product"}],"about":[{"href":"https:\/\/vinatd.com\/index.php?rest_route=\/wp\/v2\/types\/product"}],"wp:featuredmedia":[{"embeddable":true,"href":"https:\/\/vinatd.com\/index.php?rest_route=\/wp\/v2\/media\/16421"}],"wp:attachment":[{"href":"https:\/\/vinatd.com\/index.php?rest_route=%2Fwp%2Fv2%2Fmedia&parent=16420"}],"wp:term":[{"taxonomy":"product_cat","embeddable":true,"href":"https:\/\/vinatd.com\/index.php?rest_route=%2Fwp%2Fv2%2Fproduct_cat&post=16420"},{"taxonomy":"product_tag","embeddable":true,"href":"https:\/\/vinatd.com\/index.php?rest_route=%2Fwp%2Fv2%2Fproduct_tag&post=16420"}],"curies":[{"name":"wp","href":"https:\/\/api.w.org\/{rel}","templated":true}]}}