{"id":16397,"date":"2023-02-21T03:50:10","date_gmt":"2023-02-21T03:50:10","guid":{"rendered":"http:\/\/vntd.com\/?post_type=product&#038;p=16397"},"modified":"2023-10-18T11:00:25","modified_gmt":"2023-10-18T04:00:25","slug":"son-phu-2tp-goc-polyurethane-ut6581","status":"publish","type":"product","link":"https:\/\/vinatd.com\/?product=son-phu-2tp-goc-polyurethane-ut6581","title":{"rendered":"S\u01a1n phu\u0309 2TP g\u1ed1c PolyUrethane &#8211; UT6581"},"content":{"rendered":"<p><strong>M\u00f4 t\u1ea3:<\/strong> S\u01a1n PolyUrethane UT6581 l\u00e0 s\u01a1n Epoxy hai th\u00e0nh ph\u1ea7n ch\u1ed1ng th\u1ea5m g\u1ed1c PolyUrethane s\u1eed d\u1ee5ng \u0111\u1ec3 ch\u1ed1ng th\u1ea5m l\u00e0m l\u1edbp ph\u1ee7 ho\u00e0n thi\u1ec7n cho s\u00e0n d\u00e2n d\u1ee5ng v\u00e0 c\u00f4ng nghi\u1ec7p, c\u00f3 kh\u1ea3 n\u0103ng kh\u00e1ng r\u1ea5t t\u1ed1t c\u00e1c h\u00f3a ch\u1ea5t nh\u01b0 axit, ki\u1ec1m, dung m\u00f4i, mu\u1ed1i, n\u01b0\u1edbc, UV ngo\u00e0i tr\u1eddi.<\/p>\n<p><strong>\u1ee8ng d\u1ee5ng:<\/strong> S\u1eed d\u1ee5ng t\u1ed1t v\u00e0 l\u00e2u b\u1ec1n \u0111\u1ed1i v\u1edbi c\u00e1c c\u00f4ng tr\u00ecnh ngo\u00e0i bi\u1ec3n, th\u01b0\u1eddng xuy\u00ean ti\u1ebfp x\u00fac v\u1edbi b\u1ec1 m\u1eb7t m\u00f4i tr\u01b0\u1eddng kh\u1eafc nghi\u1ec7t ngo\u00e0i bi\u1ec3n.<\/p>\n","protected":false},"excerpt":{"rendered":"<p>M\u00f4 t\u1ea3: S\u01a1n PolyUrethane UT6581 l\u00e0 s\u01a1n Epoxy hai th\u00e0nh ph\u1ea7n ch\u1ed1ng th\u1ea5m g\u1ed1c PolyUrethane s\u1eed d\u1ee5ng \u0111\u1ec3 ch\u1ed1ng th\u1ea5m l\u00e0m l\u1edbp ph\u1ee7 ho\u00e0n thi\u1ec7n cho s\u00e0n d\u00e2n d\u1ee5ng v\u00e0 c\u00f4ng nghi\u1ec7p, c\u00f3 kh\u1ea3 n\u0103ng kh\u00e1ng r\u1ea5t t\u1ed1t c\u00e1c h\u00f3a ch\u1ea5t nh\u01b0 axit, ki\u1ec1m, dung m\u00f4i, mu\u1ed1i, n\u01b0\u1edbc, UV ngo\u00e0i tr\u1eddi. \u1ee8ng d\u1ee5ng: S\u1eed d\u1ee5ng [&hellip;]<\/p>\n","protected":false},"featured_media":16869,"template":"","meta":{"site-sidebar-layout":"default","site-content-layout":"default","ast-site-content-layout":"","site-content-style":"default","site-sidebar-style":"default","ast-global-header-display":"","ast-banner-title-visibility":"","ast-main-header-display":"","ast-hfb-above-header-display":"","ast-hfb-below-header-display":"","ast-hfb-mobile-header-display":"","site-post-title":"","ast-breadcrumbs-content":"","ast-featured-img":"","footer-sml-layout":"","theme-transparent-header-meta":"default","adv-header-id-meta":"","stick-header-meta":"","header-above-stick-meta":"","header-main-stick-meta":"","header-below-stick-meta":"","astra-migrate-meta-layouts":"default","ast-page-background-enabled":"default","ast-page-background-meta":{"desktop":{"background-color":"var(--ast-global-color-4)","background-image":"","background-repeat":"repeat","background-position":"center center","background-size":"auto","background-attachment":"scroll","background-type":"","background-media":"","overlay-type":"","overlay-color":"","overlay-opacity":"","overlay-gradient":""},"tablet":{"background-color":"","background-image":"","background-repeat":"repeat","background-position":"center center","background-size":"auto","background-attachment":"scroll","background-type":"","background-media":"","overlay-type":"","overlay-color":"","overlay-opacity":"","overlay-gradient":""},"mobile":{"background-color":"","background-image":"","background-repeat":"repeat","background-position":"center center","background-size":"auto","background-attachment":"scroll","background-type":"","background-media":"","overlay-type":"","overlay-color":"","overlay-opacity":"","overlay-gradient":""}},"ast-content-background-meta":{"desktop":{"background-color":"var(--ast-global-color-5)","background-image":"","background-repeat":"repeat","background-position":"center center","background-size":"auto","background-attachment":"scroll","background-type":"","background-media":"","overlay-type":"","overlay-color":"","overlay-opacity":"","overlay-gradient":""},"tablet":{"background-color":"var(--ast-global-color-5)","background-image":"","background-repeat":"repeat","background-position":"center center","background-size":"auto","background-attachment":"scroll","background-type":"","background-media":"","overlay-type":"","overlay-color":"","overlay-opacity":"","overlay-gradient":""},"mobile":{"background-color":"var(--ast-global-color-5)","background-image":"","background-repeat":"repeat","background-position":"center center","background-size":"auto","background-attachment":"scroll","background-type":"","background-media":"","overlay-type":"","overlay-color":"","overlay-opacity":"","overlay-gradient":""}}},"product_cat":[207],"product_tag":[],"class_list":{"0":"post-16397","1":"product","2":"type-product","3":"status-publish","4":"has-post-thumbnail","6":"product_cat-son-hang-hai","7":"desktop-align-left","8":"tablet-align-left","9":"mobile-align-left","11":"first","12":"instock","13":"shipping-taxable","14":"product-type-simple"},"_links":{"self":[{"href":"https:\/\/vinatd.com\/index.php?rest_route=\/wp\/v2\/product\/16397","targetHints":{"allow":["GET"]}}],"collection":[{"href":"https:\/\/vinatd.com\/index.php?rest_route=\/wp\/v2\/product"}],"about":[{"href":"https:\/\/vinatd.com\/index.php?rest_route=\/wp\/v2\/types\/product"}],"wp:featuredmedia":[{"embeddable":true,"href":"https:\/\/vinatd.com\/index.php?rest_route=\/wp\/v2\/media\/16869"}],"wp:attachment":[{"href":"https:\/\/vinatd.com\/index.php?rest_route=%2Fwp%2Fv2%2Fmedia&parent=16397"}],"wp:term":[{"taxonomy":"product_cat","embeddable":true,"href":"https:\/\/vinatd.com\/index.php?rest_route=%2Fwp%2Fv2%2Fproduct_cat&post=16397"},{"taxonomy":"product_tag","embeddable":true,"href":"https:\/\/vinatd.com\/index.php?rest_route=%2Fwp%2Fv2%2Fproduct_tag&post=16397"}],"curies":[{"name":"wp","href":"https:\/\/api.w.org\/{rel}","templated":true}]}}